ue
Is 11302382 a multiple of 221?
True
Is 481 a factor of 9747916?
False
Does 394 divide 148932?
True
Is 273 a factor of 41223?
True
Is 45047 a multiple of 21?
False
Is 106 a factor of 2182299?
False
Does 4 divide 79105?
False
Is 18220140 a multiple of 324?
True
Does 167 divide 3395277?
True
Is 740388 a multiple of 158?
True
Is 296 a factor of 273504?
True
Is 10479349 a multiple of 11?
False
Is 92752 a multiple of 2?
True
Does 17 divide 214279?
False
Is 6 a factor of 835488?
True
Is 5796 a multiple of 14?
True
Is 20 a factor of 218573?
False
Is 20016282 a multiple of 246?
True
Is 21 a factor of 373826?
False
Is 16 a factor of 1405056?
True
Is 37 a factor of 534206?
True
Is 146685 a multiple of 15?
True
Is 908184 a multiple of 479?
True
Is 10 a factor of 63630?
True
Is 2021385 a multiple of 134?
False
Is 11 a factor of 5813614?
False
Does 356 divide 9078356?
True
Is 274 a factor of 657874?
True
Is 198 a factor of 72362?
False
Does 40 divide 40365?
False
Is 12691659 a multiple of 204?
False
Is 4 a factor of 27008?
True
Does 14 divide 3240501?
False
Does 962 divide 4156182?
False
Does 16 divide 35312?
True
Does 3 divide 89199?
True
Does 25 divide 56797?
False
Is 72892 a multiple of 139?
False
Is 482 a factor of 18111178?
False
Does 52 divide 9945?
False
Is 614166 a multiple of 28?
False
Does 26 divide 1024790?
True
Does 570 divide 5554080?
True
Is 326010 a multiple of 19?
False
Does 66 divide 11316?
False
Is 109 a factor of 3825?
False
Does 630 divide 2595248?
False
Is 338286 a multiple of 195?
False
Does 580 divide 950375?
False
Does 25 divide 26872?
False
Is 297052 a multiple of 15?
False
Does 148 divide 141932?
True
Is 13 a factor of 1846446?
False
Is 4004350 a multiple of 34?
True
Is 444876 a multiple of 48?
False
Does 103 divide 55045?
False
Is 8 a factor of 1203272?
True
Is 2529122 a multiple of 31?
False
Does 101 divide 199172?
True
Does 22 divide 119866?
False
Is 359 a factor of 1856646?
False
Does 36 divide 5969?
False
Is 9439742 a multiple of 26?
True
Is 520656 a multiple of 216?
False
Is 55 a factor of 510430?
False
Is 12949 a multiple of 23?
True
Is 493200 a multiple of 15?
True
Is 11 a factor of 5157057?
False
Is 4 a factor of 605410?
False
Is 1898424 a multiple of 22?
True
Is 1002096 a multiple of 16?
True
Is 736 a factor of 7360?
True
Is 986340 a multiple of 422?
False
Does 46 divide 697817?
False
Is 16 a factor of 131440?
True
Is 7 a factor of 327575?
False
Is 151 a factor of 81993?
True
Does 140 divide 29820?
True
Does 341 divide 629662?
False
Is 3007698 a multiple of 95?
False
Is 2640219 a multiple of 51?
True
Is 155 a factor of 3107992?
False
Is 296899 a multiple of 362?
False
Is 131 a factor of 4428094?
False
Does 37 divide 95016?
True
Does 125 divide 146296?
False
Does 10 divide 148462?
False
Does 87 divide 1110849?
False
Does 47 divide 5820853?
False
Does 13 divide 8430?
False
Does 228 divide 17787648?
True
Does 5 divide 17715?
True
Is 2 a factor of 9073?
False
Is 111962 a multiple of 37?
True
Is 239343 a multiple of 13?
True
Does 454 divide 1850684?
False
Does 13 divide 5821088?
True
Does 186 divide 751254?
True
Is 154969 a multiple of 217?
False
Does 59 divide 61915?
False
Is 13768764 a multiple of 436?
False
Does 145 divide 5736480?
False
Is 353816 a multiple of 376?
True
Is 500280 a multiple of 15?
True
Is 8 a factor of 672565?
False
Is 171 a factor of 2250716?
False
Is 7856 a multiple of 27?
False
Is 67 a factor of 293623?
False
Is 130745 a multiple of 18?
False
Is 434 a factor of 2657993?
False
Does 16 divide 134243?
False
Is 2017512 a multiple of 12?
True
Does 731 divide 564252?
False
Does 8 divide 90333?
False
Does 6 divide 63949?
False
Does 489 divide 669930?
True
Is 1233792 a multiple of 336?
True
Does 832 divide 2081664?
True
Does 106 divide 26838?
False
Is 18 a factor of 1279622?
False
Is 21864 a multiple of 12?
True
Is 11 a factor of 257796?
True
Does 554 divide 3074146?
True
Is 5296065 a multiple of 386?
False
Is 114 a factor of 66861?
False
Is 138 a factor of 103631?
False
Is 52 a factor of 3554564?
True
Does 261 divide 5683536?
True
Is 84337 a multiple of 54?
False
Is 522186 even?
True
Is 57476 a multiple of 31?
False
Does 87 divide 95265?
True
Is 425664 a multiple of 3?
True
Is 2326518 a multiple of 18?
True
Is 705 a factor of 880545?
True
Is 388 a factor of 1707736?
False
Does 84 divide 2504796?
True
Is 499503 a multiple of 4?
False
Is 15 a factor of 190784?
False
Does 6 divide 185352?
True
Is 691110 a multiple of 42?
True
Does 10 divide 21040?
True
Is 2704691 a multiple of 76?
False
Is 273020 a multiple of 17?
True
Is 14 a factor of 4248019?
False
Is 551 a factor of 640793?
False
Does 445 divide 390839?
False
Is 10 a factor of 2893058?
False
Is 69 a factor of 378688?
False
Is 227 a factor of 347764?
True
Does 7 divide 1842041?
False
Is 4218400 a multiple of 32?
True
Does 316 divide 2202204?
True
Is 3672936 a multiple of 139?
True
Is 20962545 a multiple of 23?
True
Is 61555 a multiple of 7?
False
Is 343 a factor of 901404?
True
Does 16 divide 2487584?
True
Is 12 a factor of 1196708?
False
Is 14 a factor of 316017?
False
Is 11305580 a multiple of 26?
True
Does 18 divide 834498?
True
Is 131 a factor of 68619?
False
Is 2347 a multiple of 198?
False
Does 825 divide 12438926?
False
Is 4803264 a multiple of 288?
True
Is 22397130 a multiple of 2190?
True
Is 559260 a multiple of 47?
False
Does 53 divide 299014?
False
Does 148 divide 1001140?
False
Is 522559 a multiple of 84?
False
Does 1444 divide 6992975?
False
Is 149 a factor of 7354044?
True
Is 8483995 a multiple of 65?
True
Does 4 divide 918707?
False
Does 8 divide 48344?
True
Is 360715 even?
False
Is 19987 a multiple of 23?
True
Is 52809 even?
False
Is 2314268 a multiple of 154?
False
Is 38236 a multiple of 145?
False
Is 1768140 a multiple of 44?
True
Is 16 a factor of 515237?
False
Does 24 divide 164952?
True
Is 11430870 a multiple of 47?
True
Does 115 divide 167325?
True
Does 13 divide 825617?
True
Is 44 a factor of 3130838?
False
Does 5 divide 1593264?
False
Does 7 divide 6951?
True
Does 894 divide 9077567?
False
Does 36 divide 20755?
False
Is 37 a factor of 2817172?
False
Is 1569746 a multiple of 85?
False
Does 13 divide 1978319?
False
Is 318120 a multiple of 964?
True
Does 274 divide 18666250?
True
Is 18 a factor of 316674?
True
Is 43950 a multiple of 10?
True
Does 13 divide 510879?
False
Does 304 divide 3735248?
True
Is 94966 a multiple of 201?
False
Is 119843 a multiple of 24?
False
Is 16 a factor of 382528?
True
Does 7 divide 226961?
True
Does 114 divide 446538?
True
Does 528 divide 19532779?
False
Does 13 divide 4984584?
False
Is 355085 a multiple of 22?
False
Is 412776 a multiple of 36?
True
Is 173117 a multiple of 382?
False
Is 4590 a multiple of 10?
True
Is 12 a factor of 1595724?
True
Does 30 divide 3660030?
True
Is 919225 a multiple of 25?
True
Is 1105225 a multiple of 25?
True
Does 8 divide 363728?
True
Does 102 divide 181560?
True
Does 126 divide 4206384?
True
Is 476 even?
True
Is 1223 a factor of 3264959?
False
Is 6 a factor of 408793?
False
Is 10 a factor of 489455?
False
Is 13572000 a multiple of 90?
True
Is 20025 a multiple of 41?
False
Is 24 a factor of 1646736?
True
Does 33 divide 19569?
True
Is 9 a factor of 3968217?
True
Is 6 a factor of 10626?
True
Is 305 a factor of 187998?
False
Is 252150 a multiple of 15?
True
Is 78971 a multiple of 157?
True
Is 198964 a multiple of 23?
False
Does 209 divide 2508?
True
Does 5 divide 347620?
True
Is 516114 a multiple of 7?
False
Is 2471545 a multiple of 17?
True
Is 9978597 a multiple of 1316?
False
Is 28 a factor of 85512?
True
Does 20 divide 8100?
True
Is 11 a factor of 29052?
False
Is 5497656 a multiple of 12?
True
Does 46 divide 32834?
False
Is 28 a factor of 1761060?
True
Is 1504872 a multiple of 27?
True
Is 4902318 a multiple of 8?
False
Is 32 a factor of 239932?
False
Is 28092024 a multiple of 34?
True
Is 17 a factor of 55962?
False
Is 13340554 a multiple of 13?
False
Is 2504628 a multiple of 42?
True
Does 54 divide 111795?
False
Is 50688 a multiple of 33?
True
Does 54 divide 84066?
False
Does 87 divide 2511516?
True
Does 44 divide 245432?
True
Is 14 a factor of 603687?
False
Does 29 divide 6980097?
True
Is 118129 a multiple of 6?
False
Does 57 divide 4188146?
False
Does 4 divide 77524?
Tr